1798?
179d
In base 9, what is -227 + 7?
-220
In base 10, what is 3 + -110?
-107
In base 5, what is 13 - -30?
43
In base 10, what is -104 - 21?
-125
In base 7, what is -13 - 34?
-50
In base 11, what is 5 + -27?
-22
In base 14, what is 0 - -192?
192
In base 14, what is 1 + 1d5?
1d6
In base 5, what is 121 + -222?
-101
In base 16, what is 8b2 + -3?
8af
In base 11, what is -1 - 3725?
-3726
In base 7, what is -12 - -4623?
4611
In base 5, what is -11 + -22?
-33
In base 8, what is -2476 - -11?
-2465
In base 12, what is 65 - 15b?
-b6
In base 3, what is -200 + -2?
-202
In base 9, what is 178 + 35?
224
In base 4, what is 31 + 2?
33
In base 7, what is 0 - 3446?
-3446
In base 9, what is 1 - -136?
137
In base 9, what is 5 - 38?
-33
In base 4, what is 2 + 12210?
12212
In base 9, what is 2 - -268?
271
In base 4, what is 0 + -22133?
-22133
In base 7, what is -2012 - 5?
-2020
In base 13, what is -1b5 + 2?
-1b3
In base 3, what is 20 - 1210221?
-1210201
In base 9, what is -30 - 0?
-30
In base 8, what is -3 - -12462?
12457
In base 2, what is 1 + -11101?
-11100
In base 4, what is 11 - 212?
-201
In base 6, what is -211 - -12?
-155
In base 15, what is 2 - 4a?
-48
In base 3, what is 2 + 11202?
11211
In base 14, what is 2 - b6?
-b4
In base 14, what is 5 - d?
-8
In base 15, what is -5 - b5?
-ba
In base 13, what is 4 + -53?
-4c
In base 15, what is -772 - -4?
-76d
In base 4, what is -2131 - 10?
-2201
In base 7, what is 3446 + -12?
3434
In base 14, what is 10 + -87?
-77
In base 4, what is 20220 + 22?
20302
In base 3, what is 201011212 + 0?
201011212
In base 6, what is 30203 + -3?
30200
In base 8, what is -4320 + 3?
-4315
In base 11, what is 2 + -3a9?
-3a7
In base 6, what is -3 - 50?
-53
In base 15, what is 5 - 62?
-5c
In base 12, what is 753 + -2?
751
In base 5, what is -423 - -12?
-411
In base 15, what is 7 - -276?
27d
In base 6, what is 120 + 2?
122
In base 9, what is 1 + 161?
162
In base 12, what is 1 + -a0?
-9b
In base 9, what is -583 + 5?
-577
In base 4, what is 1232 - 0?
1232
In base 3, what is -2 - 2202?
-2211
In base 3, what is -21 - 1222?
-2020
In base 15, what is 4b - -22?
6d
In base 15, what is -2 - d9?
-db
In base 9, what is -3 - 505?
-508
In base 10, what is 8 + 335?
343
In base 9, what is 3 - 85?
-82
In base 9, what is -10 + -246?
-256
In base 12, what is 0 + -22?
-22
In base 12, what is -a79 + -3?
-a80
In base 5, what is -2 + 10?
3
In base 16, what is -63 - -5?
-5e
In base 12, what is 3130 + 3?
3133
In base 4, what is -3 + -1022103?
-1022112
In base 8, what is 304 - -10?
314
In base 3, what is 21002 + 120?
21122
In base 9, what is -5 + -781?
-786
In base 12, what is 17531 - 5?
17528
In base 4, what is 10 - 301230?
-301220
In base 11, what is 30 - 0?
30
In base 16, what is 11 + 15?
26
In base 12, what is -a + 141?
133
In base 8, what is 2 + 2031?
2033
In base 15, what is -4 + 1d?
19
In base 3, what is 20222 - -10?
21002
In base 8, what is -5 + 457?
452
In base 11, what is -8822 + -1?
-8823
In base 5, what is 404 - -14?
423
In base 2, what is -101 - 110011?
-111000
In base 9, what is 300 + -2?
287
In base 2, what is 1010 + 111?
10001
In base 11, what is 1 + -146a?
-1469
In base 2, what is 10 - -101001?
101011
In base 12, what is -aa5 + -6?
-aab
In base 13, what is -4b8 + 2?
-4b6
In base 7, what is -12 + -32?
-44
In base 2, what is 1100 - 110110011?
-110100111
In base 14, what is -1 - b9?
-ba
In base 2, what is -10001 - 0?
-10001
In base 13, what is 4 + -23b?
-237
In base 14, what is 0 + a3?
a3
In base 8, what is 3 + 474?
477
In base 6, what is -5 + -53?
-102
In base 13, what is -19 + 5?
-14
In base 12, what is -1 - -3063?
3062
In base 2, what is -101000111 + 110?
-101000001
In base 2, what is 1000011010 + 11?
1000011101
In base 8, what is 2 + 43?
45
In base 6, what is -540 + -1?
-541
In base 15, what is -5c + 1?
-5b
In base 8, what is -4 - -213?
207
In base 9, what is 4 + -57?
-53
In base 2, what is -101101111 - -1?
-101101110
In base 12, what is -176 - 4?
-17a
In base 6, what is 3 + 505?
512
In base 10, what is -92 - 22?
-114
In base 15, what is -8e5 + 5?
-8e0
In base 13, what is 0 + -b1?
-b1
In base 6, what is -4 + 430?
422
In base 9, what is -1 - 62?
-63
In base 2, what is -1 - 111110?
-111111
In base 13, what is 5 + 28?
30
In base 14, what is -1c1d + 1?
-1c1c
In base 14, what is -2 - cb?
-cd
In base 6, what is -150 - 1?
-151
In base 13, what is 1b + 3b?
59
In base 7, what is 432 - -4?
436
In base 9, what is 1 - -23?
24
In base 10, what is 43 + -469?
-426
In base 9, what is 124 - -2?
126
In base 5, what is 12 - -112?
124
In base 14, what is 93 - -12?
a5
In base 4, what is 1 + 12220?
12221
In base 5, what is 200024 - -4?
200033
In base 13, what is 4 + 474?
478
In base 12, what is 8 + -73?
-67
In base 2, what is 11 + 10101010?
10101101
In base 11, what is 2 + 85?
87
In base 13, what is -5 + -a6c?
-a74
In base 5, what is -21 + -100?
-121
In base 5, what is -3043 - -3?
-3040
In base 15, what is 6da + 5?
6e0
In base 9, what is -6 + -26?
-33
In base 14, what is -2b9 - -5?
-2b4
In base 16, what is -5 - 8a9?
-8ae
In base 13, what is 29 - aa?
-81
In base 9, what is -541 + 4?
-536
In base 14, what is a - 2c?
-22
In base 6, what is 42 - 531?
-445
In base 15, what is -9a - 2?
-9c
In base 15, what is -31 + -39?
-6a
In base 13, what is 0 + -34?
-34
In base 8, what is 151 - -1?
152
In base 7, what is 1 + 600?
601
In base 5, what is 314 + -34?
230
In base 3, what is 2 + 221?
1000
In base 3, what is 121 + 200102?
201000
In base 14, what is -8b + 0?
-8b
In base 4, what is -222 - -132?
-30
In base 11, what is 57 - -4?
60
In base 9, what is 22 + 251?
273
In base 5, what is -10 + 343?
333
In base 16, what is 15 + 4?
19
In base 13, what is 41 + -13?
2b
In base 6, what is 1205 + -2?
1203
In base 12, what is -4 + 489b?
4897
In base 16, what is -4 - -26?
22
In base 11, what is 299 - 7?
292
In base 13, what is -ab + -2?
-b0
In base 15, what is -1c4 + -5?
-1c9
In base 13, what is 705 - -4?
709
In base 2, what is -1101011 - -101?
-1100110
In base 11, what is -2 + -574?
-576
In base 10, what is 134 + 3?
137
In base 8, what is 11 + -73?
-62
In base 4, what is -13132 - -1?
-13131
In base 6, what is -23 + 44?
21
In base 7, what is -5 - -1416?
1411
In base 12, what is 669 + 1?
66a
In base 12, what is -148 + -33?
-17b
In base 4, what is -2 - 1022?
-1030
In base 4, what is -1011 - -12?
-333
In base 13, what is -14 + 0?
-14
In base 12, what is 325 + 1?
326
In base 7, what is -2 + -145?
-150
In base 14, what is 3c1 + -3?
3bc
In base 15, what is 5 + 2d?
33
In base 2, what is 11 - 110011001?
-110010110
In base 11, what is 6 + 5?
10
In base 9, what is 8424 + 0?
8424
In base 3, what is 22 - 22?
0
In base 10, what is -5 - 426?
-431
In base 4, what is 1 - 110?
-103
In base 13, what is 16a0 + 2?
16a2
In base 15, what is -1e - -2a?
b
In base 9, what is 123 - -6?
130
In base 14, what is 8 - 16d?
-165
In base 14, what is 21 + -1c?
3
In base 2, what is -11111 + 100110?
111
In base 11, what is -10 + -447?
-457
In base 15, what is 2c0 + 2?
2c2
In base 13, what is -24c + 3?
-249
In base 2, what is 10001001100001 - 0?
10001001100001
In base 13, what is -437 + 2a?
-40a
In base 13, what is 2 + 66?
68
In base 2, what is -1000000 + 111010?
-110
In base 4, what is -2 + -11012?
-11020
In base 5, what is -213 + -13?
-231
In base 16, what is 6a66 - 0?
6a66
In base 11, what is 4 + -17?
-13
In base 6, what is -4 + 21?
13
In base 10, what is 1746 - -1?
1747
In base 3, what is -2 - 21001110?
-21001112
In base 8, what is -6 - -271?
263
In base 14, what is 0 - 4d5?
-4d5
In base 16, what is 4 + 478?
47c
In base 2, what is -1111010101 + 11?
-1111010010
In base 6, what is 22 - 21?
1
In base 8, what is 4 - 13?
-7
In base 6, what is -1 + 13502?
13501
In base 5, what is -10032 - -30?
-10002
In base 11, what is -44 + -9?
-52
In base 16, what is 19 - -11?
2a
In base 2, what is -101100 + -10001010?
-10110110
In base 2, what is 11111010 - 10?
11111000
In base 11, what is -186 - -2?
-184
In base 7, what is 260 + 4?
264
In base 5, what is -2024 + -3?
-2032
In base 11, what is -2a5 + -3?
-2a8
In base 3, what is 2 + 110102?
110111
In base 9, what is 25 - -54?
80
In base 12, what is -6a37 - 1?
-6a38
In base 3, what is -22111110 - 2?
-22111112
In base 4, what is 2020 - 11?
2003
In base 13, what is 2 + -58?
-56
In base 6, what is -20